= 0, o + p = -4*a. Calculate the highest common factor of o and 12.
2
Let r(o) = o**2 + o - 4. Let g be r(-3). Let z be g/((2 + 0)/2). Suppose 52 - 12 = z*d. Calculate the greatest common factor of 50 and d.
10
Let p(n) = -2*n**2 + 7*n - 7 + n**2 + 0*n. Let y be p(5). What is the greatest common factor of 15 and y?
3
Suppose 5*f - 2*f - 120 = 0. Suppose -3 = -3*k - 0, 3*w + 5*k - 53 = 0. What is the greatest common factor of f and w?
8
Let y = -2 + 4. Suppose 0 = 2*h + k + 7, -5*h - y*k + 5 = 22. Let c be (1/2)/(h/(-78)). What is the greatest common factor of 52 and c?
13
Suppose 2*g = 1 + 73. Suppose -y = -g - 3. Calculate the highest common factor of y and 8.
8
Let d(a) = a**3 - 10*a**2 + 2*a - 5. Let m = 15 + -5. Let x be d(m). What is the highest common divisor of x and 15?
15
Let q = 2 + 8. What is the greatest common divisor of 90 and q?
10
Let l = 14 - 34. Let d(z) = z**2 - z + 28. Let m be d(0). Let x = m + l. Calculate the greatest common factor of 72 and x.
8
Suppose -120 = -5*n - 0. What is the highest common factor of n and 36?
12
Let y = 84 - 59. Let b = y - 15. What is the highest common factor of b and 110?
10
Suppose 0 = -0*j + 2*j - 6. Suppose -x - 158 = -2*c + j*x, 0 = x + 2. Suppose -3*i + 0*i = -c. What is the greatest common factor of i and 10?
5
Let v(z) = z + 8. Let i be v(-4). Suppose -5*n + 132 = -2*n. Calculate the highest common factor of n and i.
4
Suppose 284 = 5*w + 3*m, w + 5*m + 4 = 52. Let i = -16 + w. Calculate the highest common factor of 7 and i.
7
Suppose 3*o + 3 = 4*o. Suppose -o*w - 2*w = -55. Suppose 0 = -5*h + 20, -s = -0*s - 3*h + 1. Calculate the highest common factor of s and w.
11
Let l be (-1)/(-3) + (-19)/3. Let i be 1/(-3) - 56/l. Suppose 13 - 25 = -2*w. Calculate the greatest common factor of w and i.
3
Let r be (-1 + 2)/((-1)/(-2)). Let k be 192 + r*(-1)/1. Suppose -2*v = 4*m - k, 3*m - 2*m - v = 55. Calculate the greatest common divisor of m and 20.
10
Let b be 8/(-28) - (718/(-14) + -1). Calculate the greatest common factor of b and 26.
26
Suppose -4*n + 6*n = -116. Let b = n + 156. What is the greatest common factor of 14 and b?
14
Let g = 13 - 8. Calculate the greatest common divisor of 25 and g.
5
Suppose 35 = x + 3*b + b, -5*x + 295 = -4*b. Let m = -15 + x. Let t(y) = y**2 - y + 8. Let u be t(0). Calculate the highest common divisor of m and u.
8
Let l = 21 + 0. Suppose 0 = 2*i - l - 9. What is the greatest common divisor of i and 15?
15
Suppose -4*c + 27 = -3*a, 2*c - 5*a = 5*c + 16. Let b be (12/(-8))/c*-10. Calculate the greatest common factor of b and 55.
5
Suppose 9*a + 31 - 220 = 0. What is the greatest common divisor of a and 210?
21
Let q(t) = -t + 24. Let l be q(16). Calculate the highest common divisor of 88 and l.
8
Let c = 376 + -259. Suppose -34 = 2*s - 0*s. Let x = s + 30. What is the greatest common factor of x and c?
13
Suppose 4*o = 7 + 89. What is the greatest common divisor of o and 12?
12
Suppose -2*t = c - 19, -4*t + 63 = -4*c + c. Let g = 181 + -49. What is the greatest common factor of t and g?
12
Let o(g) = 2*g - 2. Let h be o(2). Calculate the greatest common factor of h and 18.
2
Suppose -w = -3*c + 12, 3 = -w - 3*w + 3*c. Let v(a) = a + 3. Let g be v(w). What is the highest common factor of g and 42?
6
Let v = -13 + 46. Calculate the highest common factor of 77 and v.
11
Suppose m + 0*g = 2*g + 11, 5*g - 20 = 0. What is the highest common factor of m and 38?
19
Let s = 84 + -14. Calculate the highest common factor of 14 and s.
14
Suppose 15*w = 13*w + 30. What is the greatest common factor of 135 and w?
15
Let d be (-20)/(-30) - 574/(-3). Calculate the greatest common divisor of 24 and d.
24
Suppose -36 = -4*c + 4*g, 4*c + 5*g = 20 + 25. Let q be 3/(-1)*(-7)/(-21). Let f be -110*(3 + -3 + q). Calculate the greatest common divisor of f and c.
10
Suppose -r + 14 = m, -4*m + 3 = -5*r - 8. Let h be 30 + (-1 - (-4)/(-2)). Calculate the greatest common divisor of h and m.
9
Let y(i) = -15 - i - i**3 - 11*i + 4*i**2 - 12*i**2. Let l be y(-8). Calculate the greatest common factor of l and 54.
27
Let v = 245 - 83. Suppose -54 = -s - 2*s. What is the greatest common divisor of s and v?
18
Let r be -12*4*5/(-10). Calculate the greatest common divisor of 4 and r.
4
Let o be 3800/30 + (0 - 2/3). What is the highest common divisor of o and 18?
18
Let h = -9 - -15. Let b be (1 + 3)*(-21)/h. Let g be ((-1)/1*b)/2. Calculate the highest common factor of 56 and g.
7
Let w = 21 - 9. What is the greatest common divisor of 12 and w?
12
Let d = 32 + -25. What is the highest common divisor of d and 63?
7
Let w be 4/10 - (-114)/15. What is the highest common factor of 24 and w?
8
Let z = 815 - 511. Let v = -150 + z. What is the highest common divisor of 14 and v?
14
Suppose -2*i + 25 = 4*z + i, -7 = 2*z - 5*i. Let o be 131/2 + 2/z. What is the highest common divisor of o and 6?
6
Let j be 6*-1*(-4 - -2). What is the greatest common factor of j and 3?
3
Let r = -3 - -37. Let i = r - 20. What is the highest common factor of 42 and i?
14
Suppose -8*x = 11 - 67. Calculate the greatest common factor of x and 56.
7
Let b = -4 - -5. Let r be 3/(-3)*b + 316. Suppose -u - 2*u = -r. What is the greatest common factor of 15 and u?
15
Let h = 213 - 153. Let m be (-1)/(2/(2 + -4)). Let x be (m/2)/(3/90). What is the highest common factor of x and h?
15
Suppose 4*r - 49 = -3*i, -5*i + 61 = 2*r - 44. Calculate the highest common divisor of i and 69.
23
Suppose 3*j + 126 = 5*j. Suppose 3*q - 101 - 1 = -5*i, -3*i + q + 64 = 0. Suppose -3*a = -6*a + i. Calculate the greatest common factor of a and j.
7
Suppose 3*y - 158 = -2*x + 26, -3*y + 2*x + 200 = 0. Let t = 15 - 7. Calculate the highest common factor of t and y.
8
Suppose -2*a + 4 = -0*f - 4*f, -3*a + 2*f + 26 = 0. Calculate the highest common divisor of 8 and a.
4
Let c = 21 - 0. What is the highest common factor of 231 and c?
21
Let t = 26 - -14. Calculate the highest common factor of t and 100.
20
Let n be 14*(18/4 - 4). Suppose 4*k + 288 = n*k. What is the greatest common divisor of 12 and k?
12
Suppose 58 + 98 = 4*s. What is the greatest common divisor of s and 156?
39
Let c be (0 - -1)*(7 - 3). Let v be ((-4)/2)/(-2) + 34. Suppose c*y = -5*x + 46, 13 = 4*y + 4*x - v. What is the highest common divisor of y and 35?
7
Let k = -9 - -16. Suppose k*j = 2*j - 5. Let t be -2 - j*(-186)/(-3). Calculate the highest common factor of t and 15.
15
Let j = 6 + -4. Suppose 6*r + j*p = 2*r + 6, r = -3*p - 1. Let t be (15/(-20))/((-2)/8). What is the highest common divisor of r and t?
1
Let h(d) be the second derivative of -3*d**3 - d**2/2 + 2*d. Let b be h(-2). What is the greatest common factor of b and 14?
7
Let t be 3/((-18)/24) - -10. Calculate the highest common divisor of t and 27.
3
Suppose -2*v = 3*m - 51, 151 - 43 = 5*v + m. What is the greatest common factor of v and 21?
21
Let v(y) = 10*y**2 + 4*y - 1. Let i be v(-3). Let k be 54/5 + 6/30. Calculate the greatest common divisor of i and k.
11
Let j = -42 - -25. Let v = 42 + j. What is the highest common factor of 275 and v?
25
Suppose 13*f - 17*f = -4. What is the greatest common factor of 1 and f?
1
Let w = -13 - -24. Let n be 44 - (-2 + 1) - 2. Suppose -111 = -2*r + n. What is the greatest common divisor of r and w?
11
Suppose 2*u + 189 = 3*u. What is the highest common factor of 21 and u?
21
Suppose 0 = -3*n - 4*a + a + 15, -8 = 2*n - 4*a. What is the highest common divisor of 5 and n?
1
Suppose 0 = -4*p + 5*d + 84, 0*p - 3*d = -4*p + 84. Calculate the greatest common divisor of p and 21.
21
Let v(p) = -p**3 - 7*p**2 - 6*p + 3. Let c be v(-6). Suppose 3*o - 3*s = -s + 31, 2*o - 3*s = 24. What is the greatest common divisor of o and c?
3
Let w = 2 + 0. Let m = -27 - -11. Let f = -12 - m. Calculate the highest common divisor of w and f.
2
Suppose -4*q = -3*q - 3*l - 14, 0 = -3*l - 12. Suppose -d - 3*y - 8 = 0, 4*y = q*y - 6. Suppose -1 = -3*r + 2. Calculate the greatest common factor of r and d.
1
Let p = -41 - -83. Calculate the greatest common divisor of 21 and p.
21
Suppose 96 = -0*t + t. Suppose -t = -3*i - i. Calculate the highest common factor of 60 and i.
12
Let k(x) = -3*x + 12. Let f be k(-10). Let u = -22 + f. Calculate the greatest common divisor of 4 and u.
4
Let o = 8 - 16. Let 